Calculate (-53 - -3) + (-634 - -667).
-17
What is the value of -16 + (48 - 0) - 18 - (-9 - 2)?
25
Calculate 3 - ((16 - 17) + -5 + -4 + 20).
-7
What is the value of -9 + (-34 - (-123 - -38))?
42
Evaluate 18 + 9 + (-2 - 10) - (-3 + 2).
16
Calculate -11 + 7 + -37 - ((-52 - -88) + -11).
-66
What is (-2 - -1) + -29 + -125 + (373 - 255)?
-37
What is the value of (58 + -64 - -24) + -83?
-65
-32 + -9 - (505 - 606)
60
Evaluate -89 - (-3 + (5 + -13 - -21 - 13)).
-86
21 + -24 + 112 + -141
-32
What is -50 - (3 - (-2 + 4)) - (98 + (-91 - 9))?
-49
What is -15 + (-12 + (-9 - -34) - -3 - 13) + -41?
-53
(-5 - -14) + -77 - (-12 + -19 + 32)
-69
What is -51 - ((27 - -1) + (-31 - -13) + -20)?
-41
-18 - (64 + (-86 - -19))
-15
What is the value of 20 + (272 - 291 - (0 - 18))?
19
What is -29 + (-30 - -186 - 54)?
73
Calculate 0 - (-3 - (-23 + 16 + -12)) - (-15 - -1).
-2
What is the value of 159 + -183 + 50 + -3?
23
What is the value of 5 + (-3 - -9) - (8 - (-26 + 81))?
58
Calculate -18 - (31 - (46 - 5)).
-8
Calculate 12 + -29 + 24 + -22 + 46 + -14.
17
What is 30 + -5 - 10 - (969 - 932)?
-22
Calculate 64 - (8 - (-11 - ((12 - 8) + -25))).
66
What is the value of (37 - (-5 - -3)) + (-42 - -48) - (-8 + 6)?
47
4 + (77 + -101 - 56)
-76
Evaluate 8 + -81 + (-20 - (-9 - 54)).
-30
What is 14 - ((13 - (9 - 15 - -9)) + -2)?
6
What is -31 - (-18 - (4 + -24))?
-33
Evaluate (-107 + 118 - (0 + -8)) + -17 + 102.
104
What is the value of 77 - (17 + (4 - (20 + -16)) + -8)?
68
What is (982 - 973) + (-1 - 44) + -18?
-54
(0 - 19 - (-52 + 5)) + 6 + -20
14
Evaluate -4 - (-11 - ((1 - 15) + 23 + -20)).
-4
What is the value of (107 + -52 - -77) + -76?
56
Evaluate -22 - (0 + 0) - (39 + -7 - 19).
-35
What is 25 + 6 + 27 + 9 + -59 - (49 - 0)?
-41
Evaluate 5 + 26 + 30 - ((9 - 2) + -3).
57
Evaluate -16 + (13 - 0 - (33 - 26)).
-10
What is the value of (-6 - (47 + -51)) + 35?
33
-1 - -73 - 2 - (-5 + -33 + 14 - -18)
76
7 + -7 + ((-5 - -6) + -1 + 2 - 3)
-1
What is the value of 2 + -46 - (12 - 12 - (-2 + 1 - -1))?
-44
Calculate -11 - -2 - (-27 + 59 + -5 - -45).
-81
Evaluate 5 + 4 + -11 + -24 + 3 - (16 - 21).
-18
7 + -4 + (-4 - -15) - (-1 + 23)
-8
16 + (88 + -41 - 27)
36
(123 - (5 - (2 + 3 + -15))) + 0 - 9
99
-3 + -3 + 82 - (-41 + -24 - -59)
82
Calculate (-70 + 81 - -56) + -64.
3
What is the value of (7 + (0 - 3) - (3 + -9 + 19)) + -51?
-60
What is (11 - (6 - -8)) + -73 - (8 - 18) - 11?
-77
-59 - -22 - (-24 - -14) - -144
117
What is -7 - -3 - -100 - (-14 + 49 - 6 - 40)?
107
Evaluate -40 + (96 - -24) + -44.
36
What is -20 - (-35 + -5) - (-6 + 11 + -2)?
17
Evaluate -27 - 10 - (-78 + 93).
-52
Calculate (4 + -10 - 35) + -9 - (-21 + 6).
-35
What is -52 - -2 - (-2958 + 2945)?
-37
What is -1 + 2 - -1 - (227 + -104 + -58)?
-63
What is the value of 217 - 44 - (-9 + (24 - -7))?
151
33 + -31 + 36 - -3
41
Calculate (12 - (-9 - -8)) + (21 - (13 + 6 + -18)).
33
Calculate 22 + -4 + (-53 + -13 - 15).
-63
What is the value of -15 - (-12 - (-30 + 86))?
53
What is 13 - (-5 + 8) - ((-7 - -105 - -1) + -3)?
-86
Evaluate 1 + 14 - (6 - (-47 + (157 - 62))).
57
Evaluate 12 - (-18 + 87 + -24 - (0 + 5)).
-28
Evaluate -11 + 14 + (-34 - 0 - -20).
-11
Calculate -13 - 3 - (-11 + (-53 - 19)).
67
What is the value of 10 - (0 - 2) - (72 - 6)?
-54
What is -111 - -161 - (46 - -3)?
1
Calculate -8 - 33 - 37 - 4.
-82
-35 + 2 - 6 - (111 + -135)
-15
-19 - -52 - ((-10 - 4) + 12 + -4 + 4)
35
Evaluate 12 + -7 + -3 + -6 + -50 + (50 - 49).
-53
Calculate 15 + (8 - (25 - 26)) + -86.
-62
What is the value of (-6 - (-5 + 2 + -7 - 7) - 1) + 43?
53
Calculate 0 - -50 - (-140 - (-231 + 118)).
77
What is the value of -12 + 621 + -625 + (1 - -46)?
31
Evaluate -57 - (-23 - 68) - 17.
17
What is the value of 6 + (-3 - -1) + 27 + -9 + 14?
36
Calculate 80 + -26 + -152 + 94.
-4
What is -52 + (91 - 15) - 67?
-43
Calculate 1 - (-130 + 51 - -109).
-29
9 - (19 - 29) - 2 - 16
1
Evaluate (-6 + -15 - -32) + 11 + -2 + -4 + -84.
-68
What is the value of -16 - (-11 + (-11 - -11 - 2) + 2)?
-5
What is -14 - (13 + -22 + -9 + 95)?
-91
What is (2 - 3 - (30 + -11 + -13)) + 30?
23
-3 + (-60 - -61 - (35 + (7 - 1)))
-43
Calculate -1158 + 1186 + (27 - (1 + -3)).
57
155 + (99 - (117 - -97))
40
Calculate (9 - (-2 + 0)) + 0 + -3 - (-46 - -45).
9
-264 - -9 - -115 - -60
-80
Evaluate 72 + 12 + -36 - -14.
62
Evaluate (-4 - (-8 - (0 - (-44 + 7)))) + 14 + -6.
49
-21 + -1 + -78 + 47
-53
What is the value of -2095 - -2101 - (48 - (0 - -3))?
-39
Calculate (15 + -3 - 27 - 69) + 12.
-72
What is 10 - (-60 + 29) - 52 - (-8 + 4 + -80)?
73
What is the value of 56 - (-157 - -123) - 123?
-33
(-31 + -9 + -7 - -3) + -30
-74
Evaluate (1 - 1) + (2 - -13) + (-413 - -439).
41
What is -47 - (-51 - 24) - 35?
-7
Calculate 26 - (5 + 20) - (-12 + -2).
15
What is the value of -1 + 5 + ((-6 - -8) + 4 - 8)?
2
What is the value of -193 + -68 - -88 - -91?
-82
Evaluate 1 + 0 + -74 + 19 + 46.
-8
What is the value of -75 + 1 + (-9 + -8 - (15 + -47 - -5))?
-64
Evaluate (-8 - 2 - (-70 + (36 - 52))) + 21.
97
What is the value of (-5 - -5 - 0) + (-122 - -143)?
21
What is 126 + -18 + 10 + -126?
-8
Calculate 15 - (16 + (1 - 7) + 23 + (24 - 32)).
-10
What is -14 + -6 + 5 + 14 + -14 + -10?
-25
-6 + (6 - (0 + 17 - (-264 - -274)))
-7
Calculate -31 + 25 + -1 + (2 - 5) + 4 + 17.
11
Evaluate 14 + 14 + 191 + -181 - (-7 - (0 + 0)).
45
((-8 - -3) + 24 - (8 + -1 + 2)) + 80
90
Calculate (-31 - (9 - (13 - -29))) + 1 + 3 + 23.
29
What is the value of 0 + (5 - -3) + (-293 - -161) + 7 + 5?
-112
Evaluate -16 + (55 - 13 - (6 + -18)).
38
38 + -19 + (39 - -9) + -25
42
Evaluate 9 + (-14 - -21 - (-1 - -17) - -16).
16
What is the value of 669 + -580 - (35 + -9)?
63
What is 3 - (2 + -5 + 1 + -17 + -1 + 78)?
-55
What is (6 - (7 + 21 + -36)) + -25?
-11
What is -97 + (19 + (-2 - 1) - 28) + -11 - -7?
-113
What is the value of 1 + 18 + 40 + -7 + -49 + 0 + -68?
-65
Calculate 25 + 10 + (-10 - 3 - (-26 + 5 - -15)).
28
-94 + 59 + 49 - (-7 + (-2 - -153))
-130
Calculate 1 - -83 - ((2 - 21) + 15 + (24 - 28)).
92
What is -69 - (18 - 6 - 153)?
72
Evaluate (31 - (-1 + (-2 - -6))) + -10401 + 10386.
13
Calculate -4 + (-6 + -6 + 24 - 13) + (15 - 142).
-132
Evaluate (-8 + -4 + 23 - -23) + (-8 - -2).
28
Evaluate -3 + (5 + (-15 - 59) - 21).
-93
What is -1 - -25 - (301 + -311)?
34
What is -457 + 486 + (-23 - -1) - (-7 + -2)?
16
(9 - -39) + (9 - (-8 + 22) - -12) - 8
47
What is (93 - (-40 + 36)) + -53?
44
What is the value of 14 - ((19 - -17) + -24 + 7) - (71 + 0)?
-76
What is 8 - ((-6 - -11 - 3) + 26 + -40)?
20
What is the value of -1 + -6 + (16 - (-43 + 2))?
50
Evaluate -8 + -12 + (49 - ((22 - -3) + -27)).
31
Calculate (-187 + 97 - 46) + 58.
-78
Calculate 17 - (7 + 10 - (2 - 11)).
-9
What is 18 + 8 + (-18 + 17 - 19)?
6
What is (15 - 116) + (-18 + 12 - (-8 - (-3 + 12)))?
-90
Calculate (-88 - 0) + 1 - (-37 + 21 + 3 + 1).
-75
Calculate 14 - (142 + -48) - -60.
-20
Calculate -4 + 1 - (-26 - -30) - 72 - (19 - 12).
-86
What is (285 - 321) + -5 + 2 + 0 + 1?
-38
Calculate -15 + 51 + -3 + -61.
-28
Evaluate -148 + 57 - -110 - (-4 + 1).
22
What is the value of 1 - -21 - (-22 - (58 + -112))?
-10
What is 259 + -248 + (2 + 1 - (-37 + 11))?
40
Calculate (6 - 0) + (21 - 36 - 3 - 1).
-13
52 + (-16 - 26) + (3 - 1) + -83
-71
Calculate -43 + (2 - -55) - -12.
26
Calculate 24 - (149 - 28) - -17 - -3.
-77
What is the value of (-137 - -21) + (-302 - -264) + (1 - -17)?
-136
What is the value of -60 - (62 + (-40 - 51))?
-31
What is -35 - (2 - -6) - (-73 + 70 - (-1 - -7))?
-34
Evaluate -5 - 64 - (-1442 - -1366).
7
What is -1 + -67 - (150 - 317 - -133)?
-34
What is the value of -117 + 90 + -40 - -50?
-17
What is the value of (-11 - (-27 + 49 + -2)) + (-1 + -1 - 6)?
-39
What is the value of 4 - ((8 - (0 - (10 - (-11 - -23)))) + -13)?
11
What is the value of (2 - 33) + -190 + 175 + 70?
24
-5 + -8 - (6 - -92 - 30) - -5
-76
(-32 - (7 - 3)) + (-142 - -65)
-113
What is the value of 27 + -15 + -7 + -2 - (-18 - 0)?
21
Calculate (17 + -29 - -1) + -21 + 65.
33
What is the value of -7 - (6 - (14 - 12)) - -3 - 54?
-62
Evaluate 28 - (-3 + 1) - (9 + -85 + 98).
8
Calculate (-41 - (88 - 125)) + (0 + 16 - 2).
10
(-7 - -11 - -7) + -15 - -5 - 76
-75
Evaluate -21 + -43 + 210 + -117.
29
Evaluate -84 + (-28 + -29 - -46) - (-14 - -3).
-84
Calculate 18 - 15 - (54 - (5 - (35 + -18))).
-63
What is 84 + 1 + (26 - 31) + -22 - 